34?
2, 36367567
List the prime factors of 1413430771.
31, 3217, 14173
What are the prime factors of 3681508947?
3, 1227169649
List the prime factors of 64579791.
3, 23, 40693
What are the prime factors of 139371055?
5, 67, 97, 4289
What are the prime factors of 3377414987?
89, 37948483
List the prime factors of 360622969.
7, 31, 1661857
List the prime factors of 52837358.
2, 7, 1321, 2857
What are the prime factors of 1282272281?
809, 1585009
What are the prime factors of 79160695?
5, 15832139
List the prime factors of 2510144334.
2, 3, 139452463
List the prime factors of 1006143008.
2, 13, 2418613
What are the prime factors of 21060284?
2, 7, 19, 31, 1277
What are the prime factors of 146738633?
37, 523, 7583
What are the prime factors of 13688238?
2, 3, 2281373
What are the prime factors of 1687312450?
2, 5, 2819, 11971
What are the prime factors of 161223055?
5, 7, 73, 89, 709
List the prime factors of 8251969645.
5, 1650393929
List the prime factors of 64133364.
2, 3, 449, 11903
List the prime factors of 64721511.
3, 799031
List the prime factors of 19847384.
2, 839, 2957
What are the prime factors of 1112827534?
2, 7, 13, 223, 3917
List the prime factors of 2555728903.
7, 13, 541, 51913
List the prime factors of 1209074798.
2, 127, 4760137
What are the prime factors of 56406390?
2, 3, 5, 239, 7867
What are the prime factors of 258718677?
3, 7, 1759991
List the prime factors of 20560381.
20560381
List the prime factors of 269268889.
23, 11707343
List the prime factors of 1890284515.
5, 7, 43, 179429
List the prime factors of 153537330.
2, 3, 5, 919, 5569
List the prime factors of 56031319.
56031319
List the prime factors of 2211729240.
2, 3, 5, 7, 17, 154883
List the prime factors of 281633633.
41, 6869113
List the prime factors of 153851775.
3, 5, 7, 11, 26641
What are the prime factors of 3392944237?
71, 821, 58207
What are the prime factors of 2033518236?
2, 3, 163, 1039631
What are the prime factors of 741611173?
19, 39032167
List the prime factors of 112503603.
3, 17, 23, 95911
What are the prime factors of 104684844?
2, 3, 11, 17, 4241
List the prime factors of 525563587.
43, 139, 87931
List the prime factors of 18622674.
2, 3, 7, 147799
What are the prime factors of 6270091057?
6270091057
What are the prime factors of 6375046331?
79, 80696789
What are the prime factors of 5006185449?
3, 17, 5774147
What are the prime factors of 404363293?
404363293
List the prime factors of 280157438.
2, 11, 12734429
What are the prime factors of 457900502?
2, 7057, 32443
List the prime factors of 112475567.
113, 557, 1787
What are the prime factors of 650813487?
3, 10891, 19919
List the prime factors of 152693229.
3, 13, 97, 181, 223
List the prime factors of 51079262.
2, 13, 311, 6317
List the prime factors of 101299833.
3, 61, 184517
What are the prime factors of 249462850?
2, 5, 7, 13, 109, 503
List the prime factors of 75482346.
2, 3, 17, 740023
What are the prime factors of 1518798593?
13, 31, 3768731
List the prime factors of 45838874.
2, 22919437
List the prime factors of 151497184.
2, 19, 67, 3719
List the prime factors of 3748123.
3748123
List the prime factors of 57863628.
2, 3, 41, 197, 199
What are the prime factors of 1124359745?
5, 107, 2101607
List the prime factors of 164930053.
37, 137, 32537
List the prime factors of 361856875.
5, 578971
What are the prime factors of 3723574366?
2, 571, 3260573
List the prime factors of 4854338051.
55351, 87701
List the prime factors of 366725785.
5, 17, 139, 31039
List the prime factors of 1229134661.
43, 28584527
What are the prime factors of 4505887961?
17, 265052233
What are the prime factors of 421830709?
1319, 319811
What are the prime factors of 14363162?
2, 11, 652871
What are the prime factors of 2011753757?
13, 1789, 86501
List the prime factors of 1840639394.
2, 11, 83665427
What are the prime factors of 14850972?
2, 3, 199, 691
What are the prime factors of 513977453?
11, 46725223
List the prime factors of 143840181.
3, 997, 48091
List the prime factors of 4527058.
2, 701, 3229
What are the prime factors of 325978704?
2, 3, 2263741
List the prime factors of 1275541234.
2, 11, 277, 209311
List the prime factors of 53496358.
2, 29, 922351
What are the prime factors of 253414181?
31, 379, 21569
What are the prime factors of 128897564?
2, 977, 32983
List the prime factors of 6286268399.
33503, 187633
What are the prime factors of 199856677?
383, 521819
What are the prime factors of 2283145914?
2, 3, 7, 2207, 24631
List the prime factors of 1137352737.
3, 23, 16483373
What are the prime factors of 520742782?
2, 7, 149, 191, 1307
What are the prime factors of 373610903?
14957, 24979
List the prime factors of 145142543.
7, 13, 1249, 1277
What are the prime factors of 37974339?
3, 13, 4007
What are the prime factors of 313477090?
2, 5, 31347709
What are the prime factors of 472447702?
2, 236223851
What are the prime factors of 244025407?
337, 724111
What are the prime factors of 30158781?
3, 43, 389, 601
List the prime factors of 4688115503.
4688115503
What are the prime factors of 6447019925?
5, 863, 298819
What are the prime factors of 220358415?
3, 5, 14690561
List the prime factors of 37713893.
7, 1847, 2917
What are the prime factors of 2694561086?
2, 7, 1697, 113417
List the prime factors of 262446587.
13, 37, 43, 12689
List the prime factors of 20210170.
2, 5, 2021017
List the prime factors of 12101844.
2, 3, 59, 17093
What are the prime factors of 48788577?
3, 137, 39569
List the prime factors of 1270440586.
2, 19, 509, 3457
List the prime factors of 1406217727.
1627, 864301
What are the prime factors of 1303900037?
11, 83, 257, 5557
What are the prime factors of 2106387779?
24373, 86423
List the prime factors of 2370959182.
2, 181, 6549611
List the prime factors of 54702198.
2, 3, 3039011
List the prime factors of 658403051.
41, 811, 19801
List the prime factors of 1068527423.
61, 17516843
What are the prime factors of 96970417?
96970417
What are the prime factors of 220516466?
2, 229, 467, 1031
What are the prime factors of 393163307?
139, 509, 5557
List the prime factors of 627121972.
2, 156780493
List the prime factors of 212130115.
5, 53, 137, 5843
List the prime factors of 692882540.
2, 5, 7, 641, 1103
List the prime factors of 9449142.
2, 3, 1574857
List the prime factors of 71037900.
2, 3, 5, 17, 4643
List the prime factors of 1071707151.
3, 29, 12318473
List the prime factors of 3175916826.
2, 3, 41, 12910231
List the prime factors of 125953729.
11, 79, 144941
List the prime factors of 632065486.
2, 13, 24310211
List the prime factors of 15101923.
15101923
List the prime factors of 939176988.
2, 3, 223, 350963
What are the prime factors of 141650738?
2, 19, 157, 23743
What are the prime factors of 399325071?
3, 19, 7005703
List the prime factors of 1966621277.
19, 1181, 87643
What are the prime factors of 330068179?
7, 1567, 30091
List the prime factors of 129003654.
2, 3, 13, 19, 61, 1427
What are the prime factors of 455047551?
3, 7, 17, 2777
List the prime factors of 74276331.
3, 127, 137, 1423
List the prime factors of 1902830626.
2, 47, 20242879
What are the prime factors of 46245369?
3, 15415123
What are the prime factors of 898488736?
2, 28077773
List the prime factors of 527067970.
2, 5, 11, 13, 368579
What are the prime factors of 220592887?
220592887
List the prime factors of 2844657071.
89, 31962439
List the prime factors of 403985010.
2, 3, 5, 11, 13, 94169
What are the prime factors of 94662207?
3, 10518023
List the prime factors of 382202104.
2, 47775263
List the prime factors of 17766284.
2, 41, 127, 853
List the prime factors of 2380990975.
5, 11, 499, 17351
List the prime factors of 812746.
2, 11, 36943
What are the prime factors of 9488815?
5, 7, 271109
List the prime factors of 964264047.
3, 321421349
What are the prime factors of 2269331856?
2, 3, 11, 477553
List the prime factors of 5819953.
433, 13441
What are the prime factors of 259355709?
3, 41, 234287
What are the prime factors of 222063246?
2, 3, 101, 122147
What are the prime factors of 89589094?
2, 7, 23, 278227
List the prime factors of 1755637995.
3, 5, 83, 883, 1597
List the prime factors of 75662834.
2, 13, 389, 7481
List the prime factors of 326602100.
2, 5, 11, 296911
List the prime fact